699*f + 30. Calculate x(15).
120
Let r(t) = -1614*t - 4036. Give r(-3).
806
Let t(y) = 2533*y**2 + 217844*y + 525. Calculate t(-86).
9
Let c(b) = -356*b + 2511. What is c(7)?
19
Let l(j) = 66232*j - 9338731. Give l(141).
-19
Let o(x) = -56*x + 1957. Give o(80).
-2523
Let y(p) = 9*p**2 + 673*p - 5879. Calculate y(9).
907
Let q(i) = -2*i**3 - 3*i**2 + 66*i - 3. Calculate q(4).
85
Let i(l) = -1667*l + 17409. Determine i(11).
-928
Let f(q) = -4623*q - 5187. Determine f(-1).
-564
Let p(s) = -612*s**2 - 7347*s - 24. Determine p(-12).
12
Let x(n) = 64*n + 865. Calculate x(-2).
737
Let q(s) = -5*s**3 - 41*s**2 - 137*s - 112. Calculate q(-2).
38
Let x(l) = -l**3 - 61*l**2 - 2236*l - 119601. What is x(-58)?
-5
Let x(g) = -g**3 - 110*g**2 - 506*g + 2006. Determine x(-105).
11
Let b(p) = -443*p - 22706. Determine b(-50).
-556
Let n(h) = -2*h**2 + 835*h - 23247. What is n(30)?
3
Let j(f) = -95*f**3 - f**2 - 6*f - 19. Determine j(-2).
749
Let h(a) = 37*a**2 + 50*a - 16. What is h(-3)?
167
Let o(g) = g**3 - 52*g**2 - 297*g + 9738. Determine o(54).
-468
Let l(p) = -3*p**3 - 496*p**2 - 2561*p - 89. Calculate l(-160).
71
Let h(x) = -2853*x - 1089827. Give h(-382).
19
Let b(j) = 4*j**3 - 56*j**2 + 104*j - 79. What is b(12)?
17
Let u(z) = 102*z**2 - 4036*z + 88. What is u(40)?
1848
Let q(f) = 385*f + 16610. Determine q(-44).
-330
Let l(s) = -16*s**2 + 3420*s + 21099. What is l(-6)?
3
Let h(r) = r**2 + 4188*r + 116381. Give h(-28).
-99
Let z(p) = 210*p - 7676. Determine z(33).
-746
Let n(l) = -l**2 + 66*l - 1267. Calculate n(0).
-1267
Let s(p) = 529*p**2 - 7167*p - 3297. Give s(14).
49
Let f(x) = -4072*x - 81449. Calculate f(-20).
-9
Let j(v) = 49*v**2 + 199*v - 546. Calculate j(3).
492
Let i(q) = -3571*q**3 + 74*q**2 + 86*q + 11. Calculate i(-1).
3570
Let a(k) = 55*k + 430. What is a(-6)?
100
Let c(b) = b**3 - 17*b**2 + 61*b - 30. What is c(12)?
-18
Let m(a) = a**3 - a**2 - 1809*a + 5440. What is m(3)?
31
Let t(w) = -59*w**3 + 245*w**2 - 22*w + 8. Calculate t(4).
64
Let p(m) = -5*m**3 + 5*m**2 - 406*m - 2146. What is p(-5)?
634
Let h(i) = -3*i**3 + 14*i**2 - 117*i + 9. What is h(6)?
-837
Let w(c) = -4*c**2 + 22*c + 1159. Calculate w(19).
133
Let h(k) = -k**3 + 21*k**2 - 59*k + 328. What is h(19)?
-71
Let n(i) = -8211*i**2 - 139615*i - 480. Calculate n(-17).
-4
Let p(n) = -25556*n + 29184948. Give p(1142).
-4
Let y(s) = -20258*s + 263290. Calculate y(13).
-64
Let f(u) = 5423*u + 4880714. Calculate f(-900).
14
Let j(q) = 3*q**2 - 7062*q - 63796. Calculate j(-9).
5
Let q(o) = 526*o + 7382. Give q(-14).
18
Let y(l) = 3*l**3 - 7*l**2 + 252*l - 1298. Give y(5).
162
Let t(g) = g**2 + 43*g + 810. What is t(-19)?
354
Let g(s) = 45*s**2 - 31745*s + 31745. Give g(1).
45
Let x(d) = -15046*d + 30055. Calculate x(2).
-37
Let q(m) = 2*m**2 - 94984*m + 1139533. Calculate q(12).
13
Let p(h) = 1625*h + 37023. Determine p(-23).
-352
Let q(d) = 2*d**2 + 97*d - 20. Give q(0).
-20
Let n(c) = -3367*c + 6758. What is n(2)?
24
Let z(l) = -8*l**2 + 624*l - 5842. Calculate z(11).
54
Let s(b) = -2*b**2 + 340*b - 1296. What is s(166)?
32
Let n(b) = -2*b**2 + 1560*b + 66051. Give n(-41).
-1271
Let x(l) = -49*l**2 - 20470*l + 193427. Give x(-427).
-4
Let c(t) = 2*t**2 + 1644*t + 110701. Determine c(-748).
-3
Let w(f) = f**3 + 66*f**2 - 500*f - 75. Calculate w(7).
2
Let j(i) = -i**2 + 102*i + 89264. Determine j(354).
56
Let x(a) = a**3 - 201*a**2 - 174*a - 5610. What is x(202)?
46
Let a(x) = -x**3 + 78*x**2 + 138*x - 4683. What is a(79)?
-22
Let i(f) = -4*f**2 + 228*f - 1027. Calculate i(52).
13
Let p(a) = 1876*a - 1749. What is p(1)?
127
Let w(z) = -z**3 + 113*z**2 - 1408*z - 6081. What is w(98)?
-5
Let k(l) = l**3 - 1130*l**2 - 28886*l - 16. Give k(-25).
259
Let u(d) = 535*d - 44368. Determine u(83).
37
Let w(x) = x**3 + 40*x**2 + 492*x + 9796. Calculate w(-34).
4
Let t(o) = -3*o**3 + 31*o**2 + 775*o - 8475. Calculate t(12).
105
Let c(w) = -6048*w - 3036053. What is c(-502)?
43
Let l(m) = m**3 - 105*m**2 - 384*m + 29474. What is l(106)?
6
Let g(y) = 333*y + 8316. Give g(-21).
1323
Let w(g) = g**3 - 328*g**2 + 8943*g - 882. Determine w(298).
12
Let a(s) = 226*s**2 + 46563*s + 1433. Give a(-206).
-9
Let i(f) = -3*f**2 + 905*f + 41394. Calculate i(342).
12
Let p(c) = 62373*c + 561306. Calculate p(-9).
-51
Let m(c) = -3*c**2 - 112*c + 5078. Give m(26).
138
Let p(w) = -386*w + 3719. Calculate p(13).
-1299
Let w(s) = 2*s**3 - 51*s**2 + 303*s - 240. What is w(17)?
-2
Let g(h) = -8545*h + 17098. Give g(2).
8
Let p(g) = g**2 + 9*g + 95. Give p(12).
347
Let g(c) = 786*c - 124196. What is g(158)?
-8
Let l(v) = 293*v - 539. Calculate l(3).
340
Let a(o) = -o**2 - 12*o + 2039. Calculate a(34).
475
Let k(d) = d**3 + 53*d**2 + 97*d - 601. Give k(-51).
-346
Let m(a) = 2*a**3 + 311*a**2 - 2787*a + 159. Determine m(-164).
-5
Let r(b) = -70*b**2 - 13189*b + 7740. What is r(-189)?
-9
Let v(g) = g**3 - 40*g**2 + 423*g - 7547. Determine v(34).
-101
Let f(z) = -616*z - 69084. Calculate f(-112).
-92
Let n(z) = 271*z - 14752. What is n(54)?
-118
Let k(w) = -w**2 + 1618*w - 78373. Determine k(50).
27
Let d(k) = k**3 - 5*k**2 + 321*k - 1517. What is d(5)?
88
Let m(v) = -466*v + 3512. What is m(7)?
250
Let f(s) = s**2 + 7167*s - 14333. What is f(2)?
5
Let b(d) = -5*d**3 + d**2 - 4434*d - 4435. Determine b(-1).
5
Let f(i) = 30*i - 2218. What is f(56)?
-538
Let n(g) = -63998*g**2 + 128002*g - 3. Determine n(2).
9
Let n(v) = 26*v**2 + 55*v + 362. Calculate n(-9).
1973
Let i(b) = -b**3 - 14*b**2 - 14023*b - 210576. Give i(-15).
-6
Let i(w) = -w**3 - 250*w**2 - 13721*w + 9239. What is i(-168)?
-1
Let i(f) = -f**3 + 131*f**2 - 2365*f + 309741. Determine i(131).
-74
Let l(p) = p**2 - 129*p - 508. Give l(0).
-508
Let m(c) = -941*c - 47860. Calculate m(-51).
131
Let d(w) = -4*w**3 - 102*w**2 - 98*w - 379. Calculate d(-25).
821
Let l(a) = -8659*a + 77971. Determine l(9).
40
Let p(m) = m**3 + 19*m**2 + 21*m - 83. Calculate p(6).
943
Let c(d) = -d**3 - 86*d**2 - 317*d - 15. What is c(-4)?
-59
Let j(k) = -2*k**2 + 269*k + 24147. Calculate j(197).
-478
Let r(y) = 610*y - 8577. What is r(14)?
-37
Let x(p) = p**2 + 3354*p + 6693. Give x(-2).
-11
Let p(f) = -26*f**2 - 416*f + 69. Determine p(-16).
69
Let m(w) = w**3 - 20*w**2 - 2*w - 791. Calculate m(22).
133
Let w(f) = f**2 + 102*f - 13441. Give w(76).
87
Let s(i) = 8211*i - 566670. Give s(69).
-111
Let s(r) = -2*r**3 - 155*r**2 - 303*r - 5697. Determine s(-76).
3
Let p(y) = -2*y**3 + 3271*y**2 - 1666*y + 50688. Calculate p(1635).
3
Let c(w) = 271978*w**2 + 16046701*w - 55. Calculate c(-59).
4
Let n(a) = 3555*a - 35521. Determine n(10).
29
Let r(a) = -61*a**3 + 204103*a**2 + 10024*a + 46837. Calculate r(3346).
-7
Let c(z) = 9*z**3 + 446*z**2 - 1149*z - 274. Calculate c(-52).
-14
Let i(m) = -3*m**2 - 21676*m + 86743. Calculate i(4).
-9
Let c(p) = -p**3 - 54*p**2 - 10322*p + 249837. What is c(21)?
0
Let y(h) = 32*h**2 + 3919*h + 837. Calculate y(-123).
2928
Let x(n) = -500*n + 3967. Give x(6).
967
Let m(n) = -2*n**2 + 44*n - 53. Give m(22).
-53
Let m(o) = -34*o**2 + 669*o - 1988. Give m(16).
12
Let d(j) = j**3 - 42*j**2 - 827*j + 73. What is d(58)?
5931
Let b(k) = 436*k + 79626. Give b(-182).
274
Let r(k) = -6*k**3 + 9*k**2 - 48*k + 134. Calculate r(7).
-1819
Let o(t) = 6*t**2 + 3234*t - 3235. Determine o(1).
5
Let n(m) = 381*m - 654. Determine n(2).
108
Let w(j) = -j**2 - 555*j + 12573. Give w(23).
-721
Let u(c) = -114144*c - 19518619. Give u(-171).
5
Let s(q) = 5*q**2 + 8094*q + 144076. Determine s(-18).
4
Let b(l) = l**2 - 2088*l - 18815. Determine b(-9).
58
Let k(n) = -n**3 + 36*n**2 - 205*n + 77. Calculate k(29).
19
Let u(g) = -2*g**3 - 1219*g**2 + 1909*g + 46433. Calculate u(-611).
-3
Let o(x) = 60434*x - 60208. Determine o(1).
226
Let g(h) = -h**2 - 472*h - 18046. Calculate g(-41).
-375
Let f(i) = 5*i**2 + 5652*i - 85898. Calculate f(15).
7
Let t(q) = 2*q**3 - 153*q**2 - 245*q + 885. Calculate t(78).
27
Let p(b) = -3*b**2 + 273*b - 4037. Determine p(13).
-995
Let g(x) = 2667*x**3 - 58673*x**2 - 22*x - 56. What is g(22)?
-56
Let b(o) = 42776*o + 3037101. Determine b(-71).
5
Let r(l) = l**2 + 104*l + 1474. Determine r(-15).
139
Let v(t) = 15*t**3 + 51*t**2 - 40*t - 188. Give v(-4).
-172
Let b(l) = 12914*l - 555333. Calculate b(43).
-31
Let k(l) = -4*l**3 - 102*l**2 + 643*l + 300